{"id":7642,"date":"2010-02-10T12:27:18","date_gmt":"2010-02-10T11:27:18","guid":{"rendered":"http:\/\/www.ra-herren.de\/wp\/?page_id=2"},"modified":"2010-02-10T12:27:18","modified_gmt":"2010-02-10T11:27:18","slug":"eine-seite","status":"publish","type":"page","link":"https:\/\/raherren.de\/index.php\/eine-seite\/","title":{"rendered":"Ihr Anwalt"},"content":{"rendered":"<p>Rechtsanwalt Ralf Herren ist seit 2002 als selbst\u00e4ndiger Rechtsanwalt t\u00e4tig.<\/p>\n<p>Die Kanzlei wurde in H\u00fcrth gegr\u00fcndet. Seit April 2007 haben wir unseren neuen Kanzleisitz in <a title=\"Br\u00fchl\" href=\"http:\/\/www.bruehl.de\/\" target=\"_blank\" rel=\"noopener\">Br\u00fchl<\/a> im Rhein-Erft-Kreis.<\/p>\n<p><strong><span style=\"color: #000080;\">Vita<\/span><\/strong><\/p>\n<ul>\n<li>\u2022 Studium der Rechtswissenschaften an der Universit\u00e4t K\u00f6ln in der Zeit von 1993 bis 1999,<br \/>\nWahlfach: Arbeitsrecht<\/li>\n<li>\u2022 Referendariat in der Zeit 1999 bis 2001 in Aachen, Mitarbeit in verschiedenen zivilrechtlich<br \/>\nausgerichteten Rechtsanwaltskanzleien in K\u00f6ln<\/li>\n<li>\u2022 als Rechtsanwalt zugelassen seit 2001<\/li>\n<\/ul>\n<p>&nbsp;<\/p>\n<p><span style=\"color: #0000ff;\"><strong><span style=\"color: #000080;\">Mitgliedschaften<\/span><\/strong><\/span><\/p>\n<ul>\n<li>\u2022 Mitglied im K\u00f6lner Anwaltsverein<\/li>\n<li>\u2022 Mitglied im deutschen Anwaltsverein<\/li>\n<li>\u2022 Angeh\u00f6riger der Rechtsanwaltskammer in K\u00f6ln<\/li>\n<\/ul>\n<p>&nbsp;<\/p>\n<p><span style=\"color: #0000ff;\"><strong><span style=\"color: #000080;\">Arbeitsschwerpunkte<\/span><\/strong><\/span><\/p>\n<ul>\n<li>\u2022\u00a0 Arbeitsrecht<\/li>\n<li>\u2022\u00a0 Bau- und Architektenrecht<\/li>\n<li>\u2022\u00a0 Miet- und Wohnungseigentumsrecht<\/li>\n<li>\u2022\u00a0 Verkehrsrecht<\/li>\n<li>\u2022\u00a0 Vertragsrecht<\/li>\n<\/ul>\n","protected":false},"excerpt":{"rendered":"<p>Rechtsanwalt Ralf Herren ist seit 2002 als selbst\u00e4ndiger Rechtsanwalt t\u00e4tig. Die Kanzlei wurde in H\u00fcrth gegr\u00fcndet. Seit April 2007 haben wir unseren neuen Kanzleisitz in Br\u00fchl im Rhein-Erft-Kreis. Vita \u2022 Studium der Rechtswissenschaften an der Universit\u00e4t K\u00f6ln in der Zeit von 1993 bis 1999, Wahlfach: Arbeitsrecht \u2022 Referendariat in der Zeit 1999 bis 2001 in [&hellip;]<\/p>\n","protected":false},"author":1,"featured_media":8587,"parent":0,"menu_order":10,"comment_status":"open","ping_status":"open","template":"","meta":{"footnotes":""},"class_list":["post-7642","page","type-page","status-publish","has-post-thumbnail","hentry"],"yoast_head":"<!-- This site is optimized with the Yoast SEO plugin v26.9 - https:\/\/yoast.com\/product\/yoast-seo-wordpress\/ -->\n<title>Ihr Anwalt - RA Heeren<\/title>\n<meta name=\"robots\" content=\"index, follow, max-snippet:-1, max-image-preview:large, max-video-preview:-1\" \/>\n<link rel=\"canonical\" href=\"https:\/\/raherren.de\/index.php\/eine-seite\/\" \/>\n<meta property=\"og:locale\" content=\"de_DE\" \/>\n<meta property=\"og:type\" content=\"article\" \/>\n<meta property=\"og:title\" content=\"Ihr Anwalt - RA Heeren\" \/>\n<meta property=\"og:description\" content=\"Rechtsanwalt Ralf Herren ist seit 2002 als selbst\u00e4ndiger Rechtsanwalt t\u00e4tig. Die Kanzlei wurde in H\u00fcrth gegr\u00fcndet. Seit April 2007 haben wir unseren neuen Kanzleisitz in Br\u00fchl im Rhein-Erft-Kreis. Vita \u2022 Studium der Rechtswissenschaften an der Universit\u00e4t K\u00f6ln in der Zeit von 1993 bis 1999, Wahlfach: Arbeitsrecht \u2022 Referendariat in der Zeit 1999 bis 2001 in [&hellip;]\" \/>\n<meta property=\"og:url\" content=\"https:\/\/raherren.de\/index.php\/eine-seite\/\" \/>\n<meta property=\"og:site_name\" content=\"RA Heeren\" \/>\n<meta name=\"twitter:card\" content=\"summary_large_image\" \/>\n<script type=\"application\/ld+json\" class=\"yoast-schema-graph\">{\"@context\":\"https:\/\/schema.org\",\"@graph\":[{\"@type\":\"WebPage\",\"@id\":\"https:\/\/raherren.de\/index.php\/eine-seite\/\",\"url\":\"https:\/\/raherren.de\/index.php\/eine-seite\/\",\"name\":\"Ihr Anwalt - RA Heeren\",\"isPartOf\":{\"@id\":\"https:\/\/raherren.de\/#website\"},\"primaryImageOfPage\":{\"@id\":\"https:\/\/raherren.de\/index.php\/eine-seite\/#primaryimage\"},\"image\":{\"@id\":\"https:\/\/raherren.de\/index.php\/eine-seite\/#primaryimage\"},\"thumbnailUrl\":\"\",\"datePublished\":\"2010-02-10T11:27:18+00:00\",\"breadcrumb\":{\"@id\":\"https:\/\/raherren.de\/index.php\/eine-seite\/#breadcrumb\"},\"inLanguage\":\"de\",\"potentialAction\":[{\"@type\":\"ReadAction\",\"target\":[\"https:\/\/raherren.de\/index.php\/eine-seite\/\"]}]},{\"@type\":\"ImageObject\",\"inLanguage\":\"de\",\"@id\":\"https:\/\/raherren.de\/index.php\/eine-seite\/#primaryimage\",\"url\":\"\",\"contentUrl\":\"\"},{\"@type\":\"BreadcrumbList\",\"@id\":\"https:\/\/raherren.de\/index.php\/eine-seite\/#breadcrumb\",\"itemListElement\":[{\"@type\":\"ListItem\",\"position\":1,\"name\":\"Start\",\"item\":\"https:\/\/raherren.de\/index.php\/wp2\/\"},{\"@type\":\"ListItem\",\"position\":2,\"name\":\"Ihr Anwalt\"}]},{\"@type\":\"WebSite\",\"@id\":\"https:\/\/raherren.de\/#website\",\"url\":\"https:\/\/raherren.de\/\",\"name\":\"RA Herren\",\"description\":\"IHRE RECHTSANW\u00c4LTE IN BR\u00dcHL\",\"publisher\":{\"@id\":\"https:\/\/raherren.de\/#organization\"},\"potentialAction\":[{\"@type\":\"SearchAction\",\"target\":{\"@type\":\"EntryPoint\",\"urlTemplate\":\"https:\/\/raherren.de\/?s={search_term_string}\"},\"query-input\":{\"@type\":\"PropertyValueSpecification\",\"valueRequired\":true,\"valueName\":\"search_term_string\"}}],\"inLanguage\":\"de\"},{\"@type\":\"Organization\",\"@id\":\"https:\/\/raherren.de\/#organization\",\"name\":\"RA Herren\",\"url\":\"https:\/\/raherren.de\/\",\"logo\":{\"@type\":\"ImageObject\",\"inLanguage\":\"de\",\"@id\":\"https:\/\/raherren.de\/#\/schema\/logo\/image\/\",\"url\":\"https:\/\/raherren.de\/wp-content\/uploads\/2016\/08\/cropped-icon.jpg\",\"contentUrl\":\"https:\/\/raherren.de\/wp-content\/uploads\/2016\/08\/cropped-icon.jpg\",\"width\":512,\"height\":512,\"caption\":\"RA Herren\"},\"image\":{\"@id\":\"https:\/\/raherren.de\/#\/schema\/logo\/image\/\"}}]}<\/script>\n<!-- \/ Yoast SEO plugin. -->","yoast_head_json":{"title":"Ihr Anwalt - RA Heeren","robots":{"index":"index","follow":"follow","max-snippet":"max-snippet:-1","max-image-preview":"max-image-preview:large","max-video-preview":"max-video-preview:-1"},"canonical":"https:\/\/raherren.de\/index.php\/eine-seite\/","og_locale":"de_DE","og_type":"article","og_title":"Ihr Anwalt - RA Heeren","og_description":"Rechtsanwalt Ralf Herren ist seit 2002 als selbst\u00e4ndiger Rechtsanwalt t\u00e4tig. Die Kanzlei wurde in H\u00fcrth gegr\u00fcndet. Seit April 2007 haben wir unseren neuen Kanzleisitz in Br\u00fchl im Rhein-Erft-Kreis. Vita \u2022 Studium der Rechtswissenschaften an der Universit\u00e4t K\u00f6ln in der Zeit von 1993 bis 1999, Wahlfach: Arbeitsrecht \u2022 Referendariat in der Zeit 1999 bis 2001 in [&hellip;]","og_url":"https:\/\/raherren.de\/index.php\/eine-seite\/","og_site_name":"RA Heeren","twitter_card":"summary_large_image","schema":{"@context":"https:\/\/schema.org","@graph":[{"@type":"WebPage","@id":"https:\/\/raherren.de\/index.php\/eine-seite\/","url":"https:\/\/raherren.de\/index.php\/eine-seite\/","name":"Ihr Anwalt - RA Heeren","isPartOf":{"@id":"https:\/\/raherren.de\/#website"},"primaryImageOfPage":{"@id":"https:\/\/raherren.de\/index.php\/eine-seite\/#primaryimage"},"image":{"@id":"https:\/\/raherren.de\/index.php\/eine-seite\/#primaryimage"},"thumbnailUrl":"","datePublished":"2010-02-10T11:27:18+00:00","breadcrumb":{"@id":"https:\/\/raherren.de\/index.php\/eine-seite\/#breadcrumb"},"inLanguage":"de","potentialAction":[{"@type":"ReadAction","target":["https:\/\/raherren.de\/index.php\/eine-seite\/"]}]},{"@type":"ImageObject","inLanguage":"de","@id":"https:\/\/raherren.de\/index.php\/eine-seite\/#primaryimage","url":"","contentUrl":""},{"@type":"BreadcrumbList","@id":"https:\/\/raherren.de\/index.php\/eine-seite\/#breadcrumb","itemListElement":[{"@type":"ListItem","position":1,"name":"Start","item":"https:\/\/raherren.de\/index.php\/wp2\/"},{"@type":"ListItem","position":2,"name":"Ihr Anwalt"}]},{"@type":"WebSite","@id":"https:\/\/raherren.de\/#website","url":"https:\/\/raherren.de\/","name":"RA Herren","description":"IHRE RECHTSANW\u00c4LTE IN BR\u00dcHL","publisher":{"@id":"https:\/\/raherren.de\/#organization"},"potentialAction":[{"@type":"SearchAction","target":{"@type":"EntryPoint","urlTemplate":"https:\/\/raherren.de\/?s={search_term_string}"},"query-input":{"@type":"PropertyValueSpecification","valueRequired":true,"valueName":"search_term_string"}}],"inLanguage":"de"},{"@type":"Organization","@id":"https:\/\/raherren.de\/#organization","name":"RA Herren","url":"https:\/\/raherren.de\/","logo":{"@type":"ImageObject","inLanguage":"de","@id":"https:\/\/raherren.de\/#\/schema\/logo\/image\/","url":"https:\/\/raherren.de\/wp-content\/uploads\/2016\/08\/cropped-icon.jpg","contentUrl":"https:\/\/raherren.de\/wp-content\/uploads\/2016\/08\/cropped-icon.jpg","width":512,"height":512,"caption":"RA Herren"},"image":{"@id":"https:\/\/raherren.de\/#\/schema\/logo\/image\/"}}]}},"_links":{"self":[{"href":"https:\/\/raherren.de\/index.php\/wp-json\/wp\/v2\/pages\/7642","targetHints":{"allow":["GET"]}}],"collection":[{"href":"https:\/\/raherren.de\/index.php\/wp-json\/wp\/v2\/pages"}],"about":[{"href":"https:\/\/raherren.de\/index.php\/wp-json\/wp\/v2\/types\/page"}],"author":[{"embeddable":true,"href":"https:\/\/raherren.de\/index.php\/wp-json\/wp\/v2\/users\/1"}],"replies":[{"embeddable":true,"href":"https:\/\/raherren.de\/index.php\/wp-json\/wp\/v2\/comments?post=7642"}],"version-history":[{"count":0,"href":"https:\/\/raherren.de\/index.php\/wp-json\/wp\/v2\/pages\/7642\/revisions"}],"wp:featuredmedia":[{"embeddable":true,"href":"https:\/\/raherren.de\/index.php\/wp-json\/"}],"wp:attachment":[{"href":"https:\/\/raherren.de\/index.php\/wp-json\/wp\/v2\/media?parent=7642"}],"curies":[{"name":"wp","href":"https:\/\/api.w.org\/{rel}","templated":true}]}}