{"id":13406,"date":"2010-02-10T19:36:30","date_gmt":"2010-02-10T18:36:30","guid":{"rendered":"http:\/\/www.ra-herren.de\/wp\/?page_id=15"},"modified":"2010-02-10T19:36:30","modified_gmt":"2010-02-10T18:36:30","slug":"beratung","status":"publish","type":"page","link":"https:\/\/raherren.de\/index.php\/beratung\/","title":{"rendered":"Beratung"},"content":{"rendered":"<div  class='avia-slideshow av-lli4dwbf-d7d830c824c37c5f46ef02d7be591ae6 avia-slideshow-featured av_slideshow avia-slide-slider  avia-builder-el-0  el_before_av_textblock  avia-builder-el-first  av-slideshow-ui av-control-default av-slideshow-manual av-loop-once av-loop-manual-endless av-default-height-applied avia-slideshow-1' data-slideshow-options=\"{&quot;animation&quot;:&quot;slide&quot;,&quot;autoplay&quot;:false,&quot;loop_autoplay&quot;:&quot;once&quot;,&quot;interval&quot;:5,&quot;loop_manual&quot;:&quot;manual-endless&quot;,&quot;autoplay_stopper&quot;:false,&quot;noNavigation&quot;:false,&quot;bg_slider&quot;:false,&quot;keep_padding&quot;:false,&quot;hoverpause&quot;:false,&quot;show_slide_delay&quot;:0}\"  itemprop=\"image\" itemscope=\"itemscope\" itemtype=\"https:\/\/schema.org\/ImageObject\" ><ul class='avia-slideshow-inner ' style='padding-bottom: 33.333333333333%;'><li  class='avia-slideshow-slide av-lli4dwbf-d7d830c824c37c5f46ef02d7be591ae6__0  av-single-slide slide-1 slide-odd'><div data-rel='slideshow-1' class='avia-slide-wrap '   ><img decoding=\"async\" fetchpriority=\"high\" class=\"wp-image-13742 avia-img-lazy-loading-not-13742\"  src=\"https:\/\/raherren.de\/wp-content\/uploads\/2025\/01\/AdobeStock_93328664-900x300-1.jpeg\" width=\"900\" height=\"300\" title='Female hand signing contract.' alt=''  itemprop=\"thumbnailUrl\" srcset=\"https:\/\/raherren.de\/wp-content\/uploads\/2025\/01\/AdobeStock_93328664-900x300-1.jpeg 900w, https:\/\/raherren.de\/wp-content\/uploads\/2025\/01\/AdobeStock_93328664-900x300-1-300x100.jpeg 300w, https:\/\/raherren.de\/wp-content\/uploads\/2025\/01\/AdobeStock_93328664-900x300-1-768x256.jpeg 768w, https:\/\/raherren.de\/wp-content\/uploads\/2025\/01\/AdobeStock_93328664-900x300-1-705x235.jpeg 705w\" sizes=\"(max-width: 900px) 100vw, 900px\" \/><\/div><\/li><\/ul><\/div>\n<section  class='av_textblock_section av-ltt034y0-2653ebc30f084d4245b0b8a4d478a2ed '   itemscope=\"itemscope\" itemtype=\"https:\/\/schema.org\/CreativeWork\" ><div class='avia_textblock'  itemprop=\"text\" ><h2>Beratung<\/h2>\n<\/div><\/section>\n<section  class='av_textblock_section av-104xr-b498d5959ae5205da4821ee32a20e608 '   itemscope=\"itemscope\" itemtype=\"https:\/\/schema.org\/CreativeWork\" ><div class='avia_textblock'  itemprop=\"text\" ><h3 style=\"text-align: justify;\">Haben Sie Fragen zu einem bestimmten Rechtsproblem?<\/h3>\n<p style=\"text-align: justify;\"><img loading=\"lazy\" decoding=\"async\" class=\"wp-image-5963 alignleft\" src=\"https:\/\/raherren.de\/wp-content\/uploads\/2015\/07\/Fotolia_50466110_XS-300x200.jpg\" alt=\"\" width=\"300\" height=\"200\" srcset=\"https:\/\/raherren.de\/wp-content\/uploads\/2015\/07\/Fotolia_50466110_XS-300x200.jpg 300w, https:\/\/raherren.de\/wp-content\/uploads\/2015\/07\/Fotolia_50466110_XS.jpg 424w\" sizes=\"auto, (max-width: 300px) 100vw, 300px\" \/> Hiermit m\u00f6chten wir Ihnen die M\u00f6glichkeit er\u00f6ffnen, uns ein Mandat online zu \u00fcbertragen. Falls Sie von diesem Service Gebrauch machen m\u00f6chten, f\u00fcllen Sie bitte die nachstehenden Formularfelder soweit erforderlich (Pflichtfelder sind mit einem * gekennzeichnet) aus und senden Ihre Anfrage einfach ab.<\/p>\n<p style=\"text-align: justify;\">Bitte bedenken Sie dabei, dass bei der Bearbeitung Ihrer Anfrage nur der Sachverhalt zugrunde gelegt werden kann, den Sie uns mitteilen. Je genauer die Schilderung Ihres Sachverhaltes ist, desto detaillierter k\u00f6nnen wir auch auf die von Ihnen angesprochenen Probleme eingehen. Bitte formulieren Sie den Sachverhalt deshalb m\u00f6glichst ausf\u00fchrlich und teilen sie uns alle wichtigen Daten exakt mit. Entsprechende Dokumente, die f\u00fcr die Bearbeitung entscheidend sind, k\u00f6nnen entweder per E-Mail (info@ra-herren.de) oder Fax (02232 \/ 70118-13) gesendet werden.<\/p>\n<p style=\"text-align: justify;\">Bevor wir allerdings f\u00fcr Sie t\u00e4tig werden k\u00f6nnen, d\u00fcrfen wir Sie, bitten die hinterlegte <a href=\"http:\/\/www.ra-herren.de\/wp\/wp-content\/uploads\/Vollmacht.pdf\">Vollmacht<\/a> auszudrucken und unterschrieben an uns zur\u00fcck zusenden. Erst nach Eingang der Vollmacht im Original gilt das Mandat als erteilt. Wir weisen darauf hin, dass durch die Mandatserteilung die \u00fcblichen Geb\u00fchrenanspr\u00fcche ausgel\u00f6st werden. Die Geb\u00fchren berechnen sich nach dem Gegenstandswert bzw. nach der getroffenen Verg\u00fctungsvereinbarung.<\/p>\n<h3><strong>Geb\u00fchren\u00a0\u00a0<\/strong><\/h3>\n<p><img loading=\"lazy\" decoding=\"async\" class=\"size-medium wp-image-5701 alignleft\" src=\"https:\/\/raherren.de\/wp-content\/uploads\/2015\/03\/Fotolia_56909288_XS-300x200.jpg\" alt=\"\" width=\"300\" height=\"200\" srcset=\"https:\/\/raherren.de\/wp-content\/uploads\/2015\/03\/Fotolia_56909288_XS-300x200.jpg 300w, https:\/\/raherren.de\/wp-content\/uploads\/2015\/03\/Fotolia_56909288_XS.jpg 424w\" sizes=\"auto, (max-width: 300px) 100vw, 300px\" \/>Die Abrechnung der anwaltlichen Verg\u00fctung erfolgt entweder <strong>nach dem Gesetz <\/strong>(ab dem 1.7.2004 RVG = <a href=\"http:\/\/bundesrecht.juris.de\/rvg\/index.html\" target=\"_blank\" rel=\"noopener\">Rechtsanwaltsverg\u00fctungsgesetz<\/a>) <strong>oder <\/strong>aufgrund einer <strong>Honorarvereinbarung<\/strong>. Honorarvereinbarungen sind statt der Abrechnung der gesetzlichen Geb\u00fchren immer m\u00f6glich. Dabei ist jedoch zu beachten, die gesetzlichen Geb\u00fchren im Falle der gerichtlichen T\u00e4tigkeit des Rechtsanwalts durch Vereinbarung nicht unterschritten werden d\u00fcrfen. Die Vereinbarung einer h\u00f6heren als der gesetzlichen Geb\u00fchr ist jederzeit m\u00f6glich.<\/p>\n<p>Das <strong><a href=\"http:\/\/bundesrecht.juris.de\/rvg\/index.html\" target=\"_blank\" rel=\"noopener\">Rechtsanwaltsverg\u00fctungsgesetz<\/a> <\/strong>besteht einmal aus dem <strong>Gesetzestext und <\/strong>zus\u00e4tzlich dem <strong>Verg\u00fctungsverzeichnis<\/strong>. Im Gesetzestext sind die <strong>allgemeinen geb\u00fchrenrechtlichen Vorschriften <\/strong>enthalten. Das Verg\u00fctungsverzeichnis enth\u00e4lt die <strong>einzelnen\u00a0 Geb\u00fchrentatbest\u00e4nde<\/strong>.<\/p>\n<h3><strong>Rechtsschutzversicherung<\/strong><\/h3>\n<p><img loading=\"lazy\" decoding=\"async\" class=\"size-medium wp-image-5708 alignleft\" src=\"https:\/\/raherren.de\/wp-content\/uploads\/2015\/03\/Fotolia_58985645_XS-300x200.jpg\" alt=\"\" width=\"300\" height=\"200\" srcset=\"https:\/\/raherren.de\/wp-content\/uploads\/2015\/03\/Fotolia_58985645_XS-300x200.jpg 300w, https:\/\/raherren.de\/wp-content\/uploads\/2015\/03\/Fotolia_58985645_XS.jpg 424w\" sizes=\"auto, (max-width: 300px) 100vw, 300px\" \/>Wenn Sie rechtsschutzversichert sind, \u00fcbernimmt gegebenenfalls die Rechtsschutzversicherung die Kosten f\u00fcr die Durchsetzung Ihrer Rechte.<\/p>\n<p>Die erste Anfrage bei Ihrer Rechtsschutzversicherung, ob diese die Kosten \u00fcbernimmt, \u00fcbernehmen wir f\u00fcr Sie.<\/p>\n<p>Sofern eine Deckungszusage erteilt wird, erfolgt eine Abrechnung der Kosten direkt gegen\u00fcber der Rechtsschutzversicherung, so dass die von Ihnen vertraglich vereinbarte Selbstbeteiligung und ggf. der Differenzbetrag aus der mit uns erfolgten Verg\u00fctungsvereinbarung mit uns zu leisten ist.<\/p>\n<p>Bringen Sie insoweit bitte zum Erstgespr\u00e4ch die Unterlagen \u00fcber Ihre Rechtsschutzversicherung mit.<\/p>\n<h3><\/h3>\n<h3><\/h3>\n<h3><\/h3>\n<h3><\/h3>\n<h3><\/h3>\n<h3><\/h3>\n<h3><strong>Prozesskostenhilfe (PKH)<\/strong><\/h3>\n<p><img loading=\"lazy\" decoding=\"async\" class=\"size-medium wp-image-5700 alignleft\" src=\"https:\/\/raherren.de\/wp-content\/uploads\/2015\/03\/Fotolia_56364834_XS-300x200.jpg\" alt=\"\" width=\"300\" height=\"200\" srcset=\"https:\/\/raherren.de\/wp-content\/uploads\/2015\/03\/Fotolia_56364834_XS-300x200.jpg 300w, https:\/\/raherren.de\/wp-content\/uploads\/2015\/03\/Fotolia_56364834_XS.jpg 424w\" sizes=\"auto, (max-width: 300px) 100vw, 300px\" \/>\u00dcber die <a href=\"http:\/\/www.justiz.nrw.de\/BS\/formulare\/prozesskostenhilfe\/erkl_zp1a.pdf?PHPSESSID=cad0c9f047dcfbc0fe112b5b97db6ece\" target=\"_blank\" rel=\"noopener\"><strong>Prozesskostenhilfe<\/strong> (<strong>PkH<\/strong>)<\/a> kann finanzielle Unterst\u00fctzung zur Durchf\u00fchrung von Gerichtsverfahren f\u00fcr einkommensschwache Personen gew\u00e4hrt werden. Sie kommt in Verfahren vor den Zivil-, Verwaltungs-, Arbeits- und Sozialgerichten in Betracht, wenn eine Person als Kl\u00e4ger oder Beklagter nicht in der Lage ist, die Anwalts- und Gerichtskosten f\u00fcr das Verfahren aufzubringen.<\/p>\n<p>Die Prozesskostenhilfe muss beim jeweils zust\u00e4ndigen Gericht beantragt werden. Neben der Bed\u00fcrftigkeit, die anhand einer <em>Erkl\u00e4rung \u00fcber die pers\u00f6nlichen und wirtschaftlichen Verh\u00e4ltnisse<\/em> zu belegen ist, werden auch die Erfolgsaussichten des zu f\u00fchrenden Prozesses einer summarischen gerichtlichen <em>Vorpr\u00fcfung<\/em> unterzogen. Ferner darf die Rechtsverfolgung nicht mutwillig erscheinen, das hei\u00dft, es muss sich um ein Verfahren handeln, das eine nicht bed\u00fcrftige, verst\u00e4ndige Partei in gleicher Weise f\u00fchren w\u00fcrde.<\/p>\n<p>Im Falle der erfolgten Bewilligung von Prozesskostenhilfe werden die Gerichtskosten sowie die Geb\u00fchren des eigenen Rechtsanwaltes durch die Staatskasse getragen. Bei sehr geringem Einkommen wird PKH als Zuschuss gew\u00e4hrt. Ansonsten muss die Prozesskostenhilfe in maximal vier Jahre lang zu zahlenden Raten zur\u00fcckgezahlt werden.<\/p>\n<p><strong>Wichtig:<\/strong> Die Prozesskostenhilfe deckt nur die Gerichtskosten und die Geb\u00fchren des eigenen Anwalts der Partei ab. Unterliegt die Partei im Prozess, muss sie die gegnerischen Rechtsanwalts- und ggf. Gerichtskosten im gleichen Umfang erstatten wie dies auch bei nicht bed\u00fcrftigen Parteien der Fall ist.<\/p>\n<\/div><\/section>\n","protected":false},"excerpt":{"rendered":"","protected":false},"author":1,"featured_media":8465,"parent":0,"menu_order":15,"comment_status":"closed","ping_status":"closed","template":"","meta":{"footnotes":""},"class_list":["post-13406","page","type-page","status-publish","has-post-thumbnail","hentry"],"yoast_head":"<!-- This site is optimized with the Yoast SEO plugin v26.9 - https:\/\/yoast.com\/product\/yoast-seo-wordpress\/ -->\n<title>Beratung - RA Heeren<\/title>\n<meta name=\"robots\" content=\"index, follow, max-snippet:-1, max-image-preview:large, max-video-preview:-1\" \/>\n<link rel=\"canonical\" href=\"https:\/\/raherren.de\/index.php\/beratung\/\" \/>\n<meta property=\"og:locale\" content=\"de_DE\" \/>\n<meta property=\"og:type\" content=\"article\" \/>\n<meta property=\"og:title\" content=\"Beratung - RA Heeren\" \/>\n<meta property=\"og:url\" content=\"https:\/\/raherren.de\/index.php\/beratung\/\" \/>\n<meta property=\"og:site_name\" content=\"RA Heeren\" \/>\n<meta property=\"og:image\" content=\"https:\/\/raherren.de\/wp-content\/uploads\/2015\/07\/Fotolia_50466110_XS.jpg\" \/>\n\t<meta property=\"og:image:width\" content=\"424\" \/>\n\t<meta property=\"og:image:height\" content=\"283\" \/>\n\t<meta property=\"og:image:type\" content=\"image\/jpeg\" \/>\n<meta name=\"twitter:card\" content=\"summary_large_image\" \/>\n<meta name=\"twitter:label1\" content=\"Gesch\u00e4tzte Lesezeit\" \/>\n\t<meta name=\"twitter:data1\" content=\"5\u00a0Minuten\" \/>\n<script type=\"application\/ld+json\" class=\"yoast-schema-graph\">{\"@context\":\"https:\/\/schema.org\",\"@graph\":[{\"@type\":\"WebPage\",\"@id\":\"https:\/\/raherren.de\/index.php\/beratung\/\",\"url\":\"https:\/\/raherren.de\/index.php\/beratung\/\",\"name\":\"Beratung - RA Heeren\",\"isPartOf\":{\"@id\":\"https:\/\/raherren.de\/#website\"},\"primaryImageOfPage\":{\"@id\":\"https:\/\/raherren.de\/index.php\/beratung\/#primaryimage\"},\"image\":{\"@id\":\"https:\/\/raherren.de\/index.php\/beratung\/#primaryimage\"},\"thumbnailUrl\":\"\",\"datePublished\":\"2010-02-10T18:36:30+00:00\",\"breadcrumb\":{\"@id\":\"https:\/\/raherren.de\/index.php\/beratung\/#breadcrumb\"},\"inLanguage\":\"de\",\"potentialAction\":[{\"@type\":\"ReadAction\",\"target\":[\"https:\/\/raherren.de\/index.php\/beratung\/\"]}]},{\"@type\":\"ImageObject\",\"inLanguage\":\"de\",\"@id\":\"https:\/\/raherren.de\/index.php\/beratung\/#primaryimage\",\"url\":\"\",\"contentUrl\":\"\"},{\"@type\":\"BreadcrumbList\",\"@id\":\"https:\/\/raherren.de\/index.php\/beratung\/#breadcrumb\",\"itemListElement\":[{\"@type\":\"ListItem\",\"position\":1,\"name\":\"Start\",\"item\":\"https:\/\/raherren.de\/index.php\/wp2\/\"},{\"@type\":\"ListItem\",\"position\":2,\"name\":\"Beratung\"}]},{\"@type\":\"WebSite\",\"@id\":\"https:\/\/raherren.de\/#website\",\"url\":\"https:\/\/raherren.de\/\",\"name\":\"RA Herren\",\"description\":\"IHRE RECHTSANW\u00c4LTE IN BR\u00dcHL\",\"publisher\":{\"@id\":\"https:\/\/raherren.de\/#organization\"},\"potentialAction\":[{\"@type\":\"SearchAction\",\"target\":{\"@type\":\"EntryPoint\",\"urlTemplate\":\"https:\/\/raherren.de\/?s={search_term_string}\"},\"query-input\":{\"@type\":\"PropertyValueSpecification\",\"valueRequired\":true,\"valueName\":\"search_term_string\"}}],\"inLanguage\":\"de\"},{\"@type\":\"Organization\",\"@id\":\"https:\/\/raherren.de\/#organization\",\"name\":\"RA Herren\",\"url\":\"https:\/\/raherren.de\/\",\"logo\":{\"@type\":\"ImageObject\",\"inLanguage\":\"de\",\"@id\":\"https:\/\/raherren.de\/#\/schema\/logo\/image\/\",\"url\":\"https:\/\/raherren.de\/wp-content\/uploads\/2016\/08\/cropped-icon.jpg\",\"contentUrl\":\"https:\/\/raherren.de\/wp-content\/uploads\/2016\/08\/cropped-icon.jpg\",\"width\":512,\"height\":512,\"caption\":\"RA Herren\"},\"image\":{\"@id\":\"https:\/\/raherren.de\/#\/schema\/logo\/image\/\"}}]}<\/script>\n<!-- \/ Yoast SEO plugin. -->","yoast_head_json":{"title":"Beratung - RA Heeren","robots":{"index":"index","follow":"follow","max-snippet":"max-snippet:-1","max-image-preview":"max-image-preview:large","max-video-preview":"max-video-preview:-1"},"canonical":"https:\/\/raherren.de\/index.php\/beratung\/","og_locale":"de_DE","og_type":"article","og_title":"Beratung - RA Heeren","og_url":"https:\/\/raherren.de\/index.php\/beratung\/","og_site_name":"RA Heeren","og_image":[{"width":424,"height":283,"url":"https:\/\/raherren.de\/wp-content\/uploads\/2015\/07\/Fotolia_50466110_XS.jpg","type":"image\/jpeg"}],"twitter_card":"summary_large_image","twitter_misc":{"Gesch\u00e4tzte Lesezeit":"5\u00a0Minuten"},"schema":{"@context":"https:\/\/schema.org","@graph":[{"@type":"WebPage","@id":"https:\/\/raherren.de\/index.php\/beratung\/","url":"https:\/\/raherren.de\/index.php\/beratung\/","name":"Beratung - RA Heeren","isPartOf":{"@id":"https:\/\/raherren.de\/#website"},"primaryImageOfPage":{"@id":"https:\/\/raherren.de\/index.php\/beratung\/#primaryimage"},"image":{"@id":"https:\/\/raherren.de\/index.php\/beratung\/#primaryimage"},"thumbnailUrl":"","datePublished":"2010-02-10T18:36:30+00:00","breadcrumb":{"@id":"https:\/\/raherren.de\/index.php\/beratung\/#breadcrumb"},"inLanguage":"de","potentialAction":[{"@type":"ReadAction","target":["https:\/\/raherren.de\/index.php\/beratung\/"]}]},{"@type":"ImageObject","inLanguage":"de","@id":"https:\/\/raherren.de\/index.php\/beratung\/#primaryimage","url":"","contentUrl":""},{"@type":"BreadcrumbList","@id":"https:\/\/raherren.de\/index.php\/beratung\/#breadcrumb","itemListElement":[{"@type":"ListItem","position":1,"name":"Start","item":"https:\/\/raherren.de\/index.php\/wp2\/"},{"@type":"ListItem","position":2,"name":"Beratung"}]},{"@type":"WebSite","@id":"https:\/\/raherren.de\/#website","url":"https:\/\/raherren.de\/","name":"RA Herren","description":"IHRE RECHTSANW\u00c4LTE IN BR\u00dcHL","publisher":{"@id":"https:\/\/raherren.de\/#organization"},"potentialAction":[{"@type":"SearchAction","target":{"@type":"EntryPoint","urlTemplate":"https:\/\/raherren.de\/?s={search_term_string}"},"query-input":{"@type":"PropertyValueSpecification","valueRequired":true,"valueName":"search_term_string"}}],"inLanguage":"de"},{"@type":"Organization","@id":"https:\/\/raherren.de\/#organization","name":"RA Herren","url":"https:\/\/raherren.de\/","logo":{"@type":"ImageObject","inLanguage":"de","@id":"https:\/\/raherren.de\/#\/schema\/logo\/image\/","url":"https:\/\/raherren.de\/wp-content\/uploads\/2016\/08\/cropped-icon.jpg","contentUrl":"https:\/\/raherren.de\/wp-content\/uploads\/2016\/08\/cropped-icon.jpg","width":512,"height":512,"caption":"RA Herren"},"image":{"@id":"https:\/\/raherren.de\/#\/schema\/logo\/image\/"}}]}},"_links":{"self":[{"href":"https:\/\/raherren.de\/index.php\/wp-json\/wp\/v2\/pages\/13406","targetHints":{"allow":["GET"]}}],"collection":[{"href":"https:\/\/raherren.de\/index.php\/wp-json\/wp\/v2\/pages"}],"about":[{"href":"https:\/\/raherren.de\/index.php\/wp-json\/wp\/v2\/types\/page"}],"author":[{"embeddable":true,"href":"https:\/\/raherren.de\/index.php\/wp-json\/wp\/v2\/users\/1"}],"replies":[{"embeddable":true,"href":"https:\/\/raherren.de\/index.php\/wp-json\/wp\/v2\/comments?post=13406"}],"version-history":[{"count":0,"href":"https:\/\/raherren.de\/index.php\/wp-json\/wp\/v2\/pages\/13406\/revisions"}],"wp:featuredmedia":[{"embeddable":true,"href":"https:\/\/raherren.de\/index.php\/wp-json\/"}],"wp:attachment":[{"href":"https:\/\/raherren.de\/index.php\/wp-json\/wp\/v2\/media?parent=13406"}],"curies":[{"name":"wp","href":"https:\/\/api.w.org\/{rel}","templated":true}]}}